231 prime?
True
Is 813402703 prime?
False
Is 110731537151 composite?
False
Is 56170597127 composite?
True
Is 27637884301 a composite number?
False
Is 8221914769 a composite number?
False
Is 251111247 a prime number?
False
Is 35793766087 a composite number?
False
Is 20037244943 prime?
True
Is 317267407 a composite number?
True
Is 1945014317 a prime number?
True
Is 311542355 composite?
True
Is 11326629385 a prime number?
False
Is 38698823 composite?
False
Is 568633601 composite?
False
Is 1662288589 a prime number?
False
Is 8706007511 a composite number?
False
Is 1083323237 prime?
True
Is 2319533 a prime number?
True
Is 1946446409 composite?
False
Is 16313610689 composite?
True
Is 78768884759 a composite number?
True
Is 11222170759 composite?
True
Is 19545556279 a composite number?
True
Is 7163803181 prime?
False
Is 54978260357 a composite number?
True
Is 147398926529 composite?
True
Is 6863814829 a composite number?
True
Is 68932309 a prime number?
True
Is 25678762099 composite?
False
Is 64671767 prime?
True
Is 145726715017 composite?
True
Is 1612187 a composite number?
True
Is 1316442343 prime?
False
Is 14499156499 a composite number?
False
Is 2422039043 a composite number?
True
Is 472954171 composite?
False
Is 308048009 a prime number?
True
Is 7820619629 prime?
True
Is 164359292047 composite?
True
Is 8854541 a prime number?
False
Is 7437595891 a composite number?
True
Is 6750791617 a composite number?
True
Is 39118217 prime?
False
Is 6757289459 prime?
False
Is 8723040589 prime?
False
Is 436293811 prime?
False
Is 130698913 prime?
False
Is 2038341387 composite?
True
Is 641930617 prime?
False
Is 18163816939 a prime number?
True
Is 1279432871 prime?
False
Is 11208791617 a composite number?
True
Is 23452804157 composite?
False
Is 1360113173 prime?
True
Is 4958325601 a composite number?
True
Is 178254149 a composite number?
False
Is 49570163701 composite?
True
Is 2855388397 a composite number?
False
Is 21667621 a composite number?
True
Is 9162450749 composite?
True
Is 1920068419 a prime number?
True
Is 9808278911 prime?
False
Is 1560881053 a prime number?
False
Is 6544282033 prime?
True
Is 1528268231 prime?
False
Is 633486241 a composite number?
True
Is 183310801 a composite number?
False
Is 285997023103 prime?
False
Is 21105999269 a composite number?
False
Is 159289634489 composite?
False
Is 2193199693 a composite number?
False
Is 3574715023 prime?
False
Is 4653963001 prime?
True
Is 62906239951 composite?
False
Is 4132529189 prime?
False
Is 315447721 prime?
True
Is 12959921383 composite?
False
Is 11001652405 a composite number?
True
Is 69394410763 composite?
True
Is 475554397 composite?
False
Is 3934157441 prime?
True
Is 830601593 a prime number?
False
Is 1077574447 prime?
False
Is 2384743223 a composite number?
False
Is 916121354 prime?
False
Is 22696645451 prime?
True
Is 995728469 composite?
False
Is 1687838015 prime?
False
Is 1318428037 a prime number?
True
Is 159142242299 composite?
False
Is 12212573599 a prime number?
True
Is 675524615 prime?
False
Is 13866694321 prime?
False
Is 2293145779 composite?
False
Is 748649183 composite?
False
Is 2293216147 composite?
False
Is 149710592237 a composite number?
False
Is 22539088657 a prime number?
True
Is 13141157819 prime?
True
Is 679332151 a composite number?
False
Is 33099804497 prime?
True
Is 30802995823 prime?
True
Is 6571815049 prime?
True
Is 4469327587 composite?
False
Is 5638432669 composite?
False
Is 523673167 composite?
True
Is 1191311171 composite?
False
Is 1100846767 a composite number?
True
Is 566755549 prime?
True
Is 40524512471 prime?
True
Is 162035512027 composite?
True
Is 5885536901 a composite number?
True
Is 199620258665 a prime number?
False
Is 95817328163 a prime number?
True
Is 37679857 prime?
True
Is 163832171 prime?
True
Is 462498143 a prime number?
False
Is 34230798146 a prime number?
False
Is 240572109 prime?
False
Is 28007871713 a composite number?
False
Is 6391578563 prime?
True
Is 193561591 a prime number?
True
Is 86130416609 a composite number?
True
Is 5567396381 prime?
False
Is 10217526899 prime?
False
Is 22263125593 composite?
False
Is 1210140619 a composite number?
False
Is 1970725849 composite?
False
Is 673784267 a prime number?
False
Is 1391280547 a composite number?
False
Is 37633024547 prime?
False
Is 2002154327 a composite number?
True
Is 393190121 composite?
False
Is 43001506853 prime?
True
Is 3395299 prime?
True
Is 172947241 a composite number?
False
Is 311498171 prime?
True
Is 11534503081 prime?
True
Is 557814073 composite?
True
Is 12167283553 a prime number?
False
Is 1143288929 composite?
True
Is 3776502278 prime?
False
Is 402445167 prime?
False
Is 12984693737 prime?
True
Is 673910537 a prime number?
True
Is 19731722723 a composite number?
True
Is 6563056997 prime?
False
Is 332643671 a prime number?
False
Is 3162991753 a composite number?
False
Is 1663318421 composite?
True
Is 111026484715 a prime number?
False
Is 58002907 a composite number?
True
Is 10404143003 a composite number?
True
Is 328608479 a composite number?
True
Is 38415560165 a composite number?
True
Is 30157684301 a prime number?
True
Is 3222564853 prime?
False
Is 38368459517 composite?
True
Is 347712661 a composite number?
True
Is 1337060678 a prime number?
False
Is 1149735283 a composite number?
False
Is 216959216969 prime?
False
Is 1492231747 composite?
True
Is 167211019 composite?
False
Is 503921407 a prime number?
False
Is 75092767 prime?
True
Is 25256056711 prime?
True
Is 937932241 a prime number?
False
Is 2338042767 composite?
True
Is 1084826371 prime?
True
Is 284149309 a prime number?
True
Is 12365766159 prime?
False
Is 1686367069 composite?
True
Is 998393303 composite?
False
Is 139238339971 prime?
False
Is 10291364899 prime?
False
Is 39056833201 prime?
True
Is 7233166583 composite?
False
Is 166277054591 prime?
False
Is 9501934565 a composite number?
True
Is 10461705569 a prime number?
False
Is 6858673109 a prime number?
True
Is 6884564051 prime?
True
Is 466346107 prime?
False
Is 101138864171 a composite number?
False
Is 10145986633 prime?
True
Is 3080168891 composite?
True
Is 3306554007 a prime number?
False
Is 20421160843 composite?
False
Is 483376973 composite?
True
Is 2524114 prime?
False
Is 2918853941 a prime number?
False
Is 40578697297 prime?
False
Is 10655140569 a composite number?
True
Is 2488278607 a prime number?
False
Is 42033673445 a prime number?
False
Is 9292394947 a prime number?
False
Is 3286474957 composite?
False
Is 29455855069 prime?
False
Is 178902223 prime?
True
Is 786735349 a prime number?
True
Is 697119497 a composite number?
True
Is 11191543607 prime?
True
Is 98218710611 a composite number?
True
Is 1028138669 a composite number?
False
Is 51102839 a composite number?
True
Is 11208784997 a prime number?
True
Is 27102132139 a prime number?
False
Is 2574890683 composite?
False
Is 2783724863 a prime number?
True
Is 344881073 a prime number?
False
Is 223235123647 prime?
True
Is 165024547549 composite?
True
Is 51278111 prime?
True
Is 1716006491 prime?
False
Is 876006947 a prime number?
False
Is 9503899303 prime?
True
Is 47962903 a composite number?
True
Is 508485977 a prime number?
False
Is 293553053063 a composite number?
True
Is 1575671837 a composite number?
False
Is 31926478393 a composite number?
False
Is 42970708159 a composite number?
False
Is 5261536429 a composite number?
False
Is 6178266151 composite?
False
Is 54243341 a composite number?
True
Is 781111927 prime?
False
Is 5938063459 composite?
True
Is 17865797 prime?
True
Is 477635779 composite?
True
Is 2464484161 prime?
False
Is 56813141141 composite?
False
Is 36879376361 composite?
False
Is 4708064911 prime?
False
Is 423079837 a prime number?
False
Is 116349029 prime?
True
Is 268281031 a composite number?
False
Is 47727331 prime?
True
Is 582527677 composite?
False
Is 231163573 prime?
False
Is 56230518613 a prime number?
False
Is 5456211613 prime?
False
Is 20419803689 a composite number?
False
Is 10019787097 a prime number?
False
Is 995373251 composite?
False
Is 317347201 a composite number?
False
Is 19907344421 a prime number?
True
Is 1202086957 prime?
True
Is 364137699535 composite?
True
Is 1151956151 prime?
True
Is 8956591921 a composite number?
True
Is 36138821647 prime?
True
Is 8711303299 prime?
False
